{"id":21,"date":"2024-06-19T18:21:30","date_gmt":"2024-06-19T16:21:30","guid":{"rendered":"https:\/\/bonfrate.net\/?page_id=21"},"modified":"2024-06-19T19:03:15","modified_gmt":"2024-06-19T17:03:15","slug":"futuro","status":"publish","type":"page","link":"https:\/\/bonfrate.net\/?page_id=21","title":{"rendered":"futuro"},"content":{"rendered":"\n<p>Il futuro \u00e8 un orizzonte aperto, una tela bianca che aspetta di essere dipinta con le nostre scelte, azioni e decisioni. Siamo noi a creare il nostro futuro perch\u00e9, attraverso ogni decisione che prendiamo, determiniamo il corso della nostra vita.<\/p>\n\n\n\n<ol class=\"wp-block-list\">\n<li><strong>Scelte consapevoli<\/strong>: Ogni giorno facciamo numerose scelte, piccole e grandi. Ogni scelta consapevole e riflettuta ci avvicina ai nostri obiettivi e sogni. Scegliere di studiare, lavorare sodo, coltivare relazioni positive e investire nel nostro sviluppo personale sono tutte decisioni che modellano il nostro futuro.<\/li>\n\n\n\n<li><strong>Responsabilit\u00e0 personale<\/strong>: Prendere responsabilit\u00e0 delle nostre azioni ci rende protagonisti della nostra storia. Quando riconosciamo che le nostre azioni hanno conseguenze, diventiamo pi\u00f9 attenti e intenzionati nel prendere decisioni che costruiscono un futuro migliore.<\/li>\n\n\n\n<li><strong>Resilienza e adattabilit\u00e0<\/strong>: La vita \u00e8 piena di sfide e imprevisti. La nostra capacit\u00e0 di adattarci e superare gli ostacoli gioca un ruolo cruciale nella creazione del nostro futuro. Ogni volta che affrontiamo una difficolt\u00e0 e troviamo un modo per superarla, stiamo scrivendo un nuovo capitolo della nostra storia.<\/li>\n\n\n\n<li><strong>Impegno e perseveranza<\/strong>: Nulla di significativo si raggiunge senza impegno e perseveranza. Siamo noi a decidere quanto impegno mettere in ci\u00f2 che facciamo, e questa dedizione ci guida verso il raggiungimento dei nostri obiettivi. La perseveranza ci permette di continuare a lavorare per i nostri sogni, anche quando il percorso diventa difficile.<\/li>\n\n\n\n<li><strong>Visione e obiettivi<\/strong>: Avere una visione chiara di ci\u00f2 che desideriamo per il nostro futuro ci aiuta a rimanere focalizzati e motivati. Gli obiettivi ci forniscono una direzione e ci aiutano a misurare i nostri progressi. Siamo noi a definire questi obiettivi e a lavorare per realizzarli.<\/li>\n<\/ol>\n\n\n\n<p>In conclusione, il futuro non \u00e8 qualcosa che semplicemente accade; \u00e8 qualcosa che creiamo attivamente attraverso le nostre scelte, responsabilit\u00e0, resilienza, impegno e visione. Ogni passo che facciamo oggi contribuisce a costruire il nostro domani. Siamo noi i veri architetti del nostro destino.<\/p>\n","protected":false},"excerpt":{"rendered":"<p>Il futuro \u00e8 un orizzonte aperto, una tela bianca che aspetta di essere dipinta con le nostre scelte, azioni e decisioni. Siamo noi a creare il nostro futuro perch\u00e9, attraverso ogni decisione che prendiamo, determiniamo il corso della nostra vita. In conclusione, il futuro non \u00e8 qualcosa che semplicemente accade; \u00e8 qualcosa che creiamo attivamente [&hellip;]<\/p>\n","protected":false},"author":1,"featured_media":0,"parent":0,"menu_order":0,"comment_status":"closed","ping_status":"closed","template":"","meta":{"footnotes":""},"class_list":["post-21","page","type-page","status-publish","hentry"],"featured_image_src":false,"featured_image_src_square":false,"rbea_author_info":{"display_name":"bonfrate_i73z8rrt","author_link":"https:\/\/bonfrate.net\/?author=1"},"rbea_excerpt_info":"Il futuro \u00e8 un orizzonte aperto, una tela bianca che aspetta di essere dipinta con le nostre scelte, azioni e decisioni. Siamo noi a creare il nostro futuro perch\u00e9, attraverso ogni decisione che prendiamo, determiniamo il corso della nostra vita. In conclusione, il futuro non \u00e8 qualcosa che semplicemente accade; \u00e8 qualcosa che creiamo attivamente [&hellip;]","_links":{"self":[{"href":"https:\/\/bonfrate.net\/index.php?rest_route=\/wp\/v2\/pages\/21","targetHints":{"allow":["GET"]}}],"collection":[{"href":"https:\/\/bonfrate.net\/index.php?rest_route=\/wp\/v2\/pages"}],"about":[{"href":"https:\/\/bonfrate.net\/index.php?rest_route=\/wp\/v2\/types\/page"}],"author":[{"embeddable":true,"href":"https:\/\/bonfrate.net\/index.php?rest_route=\/wp\/v2\/users\/1"}],"replies":[{"embeddable":true,"href":"https:\/\/bonfrate.net\/index.php?rest_route=%2Fwp%2Fv2%2Fcomments&post=21"}],"version-history":[{"count":2,"href":"https:\/\/bonfrate.net\/index.php?rest_route=\/wp\/v2\/pages\/21\/revisions"}],"predecessor-version":[{"id":23,"href":"https:\/\/bonfrate.net\/index.php?rest_route=\/wp\/v2\/pages\/21\/revisions\/23"}],"wp:attachment":[{"href":"https:\/\/bonfrate.net\/index.php?rest_route=%2Fwp%2Fv2%2Fmedia&parent=21"}],"curies":[{"name":"wp","href":"https:\/\/api.w.org\/{rel}","templated":true}]}}